s of f?
3
Let m = 1 + -2. Let b(j) = 16*j**2. List the prime factors of b(m).
2
List the prime factors of 207 + -15 - (1 + 1).
2, 5, 19
Let q(g) be the third derivative of -g**5/60 + 7*g**4/24 + 4*g**3/3 - g**2. List the prime factors of q(6).
2, 7
Suppose -4*g = t + 12, 5*t = 2*t - 4*g - 4. List the prime factors of t.
2
List the prime factors of 2140/17 + 2/17.
2, 3, 7
Suppose 0 = 5*x - g + 6*g - 95, -5*x + 2*g = -81. Suppose -10 = -4*w - 3*r + 5, -5*r + x = 4*w. List the prime factors of w.
3
Suppose -5*p + 5*r + 835 = -0*p, -4*p = -2*r - 670. What are the prime factors of p?
2, 3, 7
Suppose 0 = -5*n + 152 - 52. Let w = n - 12. List the prime factors of w.
2
Let k(i) = 2*i**2 + 9*i**3 - 4*i**2 + 3*i - 8*i**3 - 2. What are the prime factors of k(3)?
2
Let f = -18 - -30. Let h be 4/f - (-2)/(-6). Suppose 5*l = -h*l + 45. List the prime factors of l.
3
Suppose 0 = 3*c - 2*g - 61, 5*c - 52 = g + 38. Let l(x) = 29*x**2 - x. Let o be l(1). Let v = o - c. What are the prime factors of v?
11
Suppose -r = -5*f + f + 2, 2*f = 5*r + 64. Suppose 0 = -g - 0*g - 8. Let j = g - r. List the prime factors of j.
2, 3
Let d = -44 + 131. What are the prime factors of d?
3, 29
Let t be (-3 + 16)*(-1 + -1). Let l = t - -37. What are the prime factors of l?
11
Let s(p) = -p**2 + 3*p - 6. Let j be s(6). What are the prime factors of (1 - 1) + j/(-3)?
2
Let p(r) = -r - 1. Let y be p(0). Let k(q) = 4*q**2 - q. Let n be k(y). Suppose -5*d = -5*b - n, 4*b - 6 = d + d. What are the prime factors of b?
2
What are the prime factors of 24/168 + (-3022)/(-14)?
2, 3
Let g = 1 + 0. Let o(i) = -6*i**3. Let q be o(g). Let y(n) = -n**3 - 5*n**2 + 6*n + 7. What are the prime factors of y(q)?
7
Let n(r) = -4*r - 4. Suppose -3*f + 2*m - 6 = 0, -2*m + 6 = 2*f - 6*f. Suppose -5*s + f = 20. What are the prime factors of n(s)?
2, 3
Let i(w) = -15*w + 14. List the prime factors of i(-5).
89
Suppose -3*x - 3*k = -84, -47 = -4*x - 3*k + 63. What are the prime factors of x?
2, 13
Suppose -3*l + 2 = 2*z, z - 6 = 4*l + 6. Let i = 2 - 1. What are the prime factors of l - 0 - -8*i?
2, 3
Let r(c) = -32*c + 4. Let n be r(-3). Suppose 3*m = -4*l + 109, -m + 5*l = 2*m - n. List the prime factors of 30/m*(1 + 6).
2, 3
Suppose 5*k = -4*w + 9, -5*k - 17 - 4 = -w. Suppose 3*l = -w, 0*l + 32 = 2*c + 2*l. List the prime factors of c.
2, 3
Let j be ((-15)/4)/((-1)/16). Let s = j - 36. Suppose -4*u = -5*l + 40, 3*l = u - 6*u + s. List the prime factors of l.
2
List the prime factors of (27/(-2) - -4)*-2.
19
Suppose 4*x - 180 = -5*s + 176, 2*s - 3*x - 147 = 0. List the prime factors of s.
2, 3
Let h be 12/(-5)*(-80)/6. Let q = h + -10. What are the prime factors of q?
2, 11
Let l(q) = 18*q**3 - 8*q**2 + q**2 - q + 9 - 3*q. Let b(k) = 9*k**3 - 4*k**2 - 2*k + 5. Let a(t) = -7*b(t) + 4*l(t). What are the prime factors of a(1)?
2
Let g = 84 - -14. What are the prime factors of g?
2, 7
Suppose -3*u + 2*u = -9. Let a(g) = 3*g - 10. List the prime factors of a(u).
17
Let c(m) = m + 1. Suppose 4 + 2 = -3*p. Let l be c(p). What are the prime factors of ((2 - 1) + -10)*l?
3
Suppose 0 = -2*p + 2*g + 2*g + 12, -3*p - 4*g - 2 = 0. Let j = 25 - 15. Suppose 6*n = 5*z + n - j, -p*z + n = -4. List the prime factors of z.
2
Let d(j) = 3*j**2 + j**3 - 5*j**2 + 3*j**2. What are the prime factors of d(1)?
2
Let z(t) = t**3 - 3*t**2 - 2*t. Suppose -5*w = -4*h - 8, 2*w - 11 = -2*h + h. Let c be z(h). What are the prime factors of 16/c*(-3)/2?
2
Let f be ((-3)/(-3))/(1 - 0). Let i be -2*f/(-2) + 2. Suppose 8*b - i*b = 4*v + 32, v = 2. List the prime factors of b.
2
Let o = 8 + -5. Suppose 14 = o*r - 70. What are the prime factors of r?
2, 7
Let t(n) = n**3 + 14*n**2 - 25*n + 21. What are the prime factors of t(-15)?
3, 19
Suppose 0 = -0*h - h + 15. Suppose 3*n - 4*n = -h. List the prime factors of n.
3, 5
Let g be 0 + 2 + -4 + 3. Let k = 6 - g. What are the prime factors of k?
5
Suppose 0 = -2*c + 6, l + c - 11 + 3 = 0. Suppose -l*r = 5, -3*r = -o + 5 + 11. What are the prime factors of o?
13
What are the prime factors of 3*(-4)/(-12)*118?
2, 59
Suppose 5*x = 4*l + 895, 0 = 4*l - 19 - 1. List the prime factors of x.
3, 61
What are the prime factors of 5*-5*2/(-25)?
2
Let q = 103 + -74. What are the prime factors of q?
29
Suppose -4*q + 21 + 195 = 0. Suppose 0 = -4*h + 138 + q. List the prime factors of h.
2, 3
Suppose 3*s - 255 = -3*u, -4*u + 428 = 5*s - 2*u. List the prime factors of s.
2, 43
Let r(y) = 2*y**2 - 3*y + 3. What are the prime factors of r(6)?
3, 19
Suppose y + 1 = 5. Let n = -1 - y. Let z(x) = x**2 + 3*x + 1. List the prime factors of z(n).
11
Let s be (-34)/8 - 2/(-8). Let d = s + 6. List the prime factors of d.
2
Let h = -40 - -91. List the prime factors of h.
3, 17
Suppose 16 = -2*c + 6*c. Let g = c - -32. List the prime factors of g.
2, 3
Let t(h) = -h**2 - 2*h. Let p be t(-2). Suppose p = n + 2, 5*g + n = g + 50. List the prime factors of g.
13
Let t(b) be the second derivative of 3*b**4/4 - b**3/6 - b. Let n(h) = -h**3 - 7*h**2 + 10*h + 17. Let d be n(-8). What are the prime factors of t(d)?
2
Suppose -p + 3*j = -14, 4 = -p - 5*j + 2. Suppose -p - 1 = -w. What are the prime factors of 42/w + 2/6?
5
Suppose 2*o - 4 = 0, -3*s - 2*o + 236 = -o. What are the prime factors of s?
2, 3, 13
Let r be (-186)/30 - 2/(-10). What are the prime factors of (40/r)/(2/(-6))?
2, 5
Let v = -8 + 8. Let u be 5/2*(2 - v). Let f = 6 + u. List the prime factors of f.
11
Let u(l) be the third derivative of -l**6/60 - l**5/30 - l**4/12 - l**3/3 + 2*l**2. What are the prime factors of u(-2)?
2, 5
Suppose -4*d - d = -395. Let u = d + -55. List the prime factors of u.
2, 3
Suppose 4*b = -16, -2*d + 2*b - 54 = -b. What are the prime factors of (d/9 + 3)*-48?
2
Suppose 0 = -4*d - 4*z + 68, 3*z - 93 = -5*d - 0*z. List the prime factors of d.
3, 7
Let v be -7 - (1 - (-2 + 1)). Let b(d) be the second derivative of d**5/20 + 2*d**4/3 - 5*d**3/3 + 11*d**2/2 - 3*d. List the prime factors of b(v).
2, 5
Suppose 0 = 5*x - 4*x. Let l = -1 - x. List the prime factors of (11*-1)/l - 1.
2, 5
Let z(f) = -f**3 - 8*f**2 - f - 4. Let q(h) = 8*h. Let i be q(-1). Let r = i - 0. What are the prime factors of z(r)?
2
Suppose -11*i - 130 = -16*i. List the prime factors of i.
2, 13
Let o be (1*-2 - -2)/3. Suppose o*a - 5 = -a, i + 5*a = 29. List the prime factors of i.
2
Let x(f) = -f**3 - 19*f**2 - 24*f - 15. List the prime factors of x(-18).
3, 31
Let h = -19 + 28. Let v be h/2 + (-3)/6. What are the prime factors of (v + 0)/(4/10)?
2, 5
Suppose 0 = 2*s - 3*s + 30. What are the prime factors of s?
2, 3, 5
Let j(g) = 19*g. Let l be (0 - -1)/1*1. What are the prime factors of j(l)?
19
List the prime factors of (-2)/(-8) - 95/(-20).
5
Let l = -14 - -68. Let t = l + -18. Suppose 0*k - t = -2*k. List the prime factors of k.
2, 3
Let m(y) = -11*y**3 + y**2 - y + 1. Let z be m(1). Let w = 19 + z. Suppose -w + 21 = 3*f. What are the prime factors of f?
2
Suppose -2*q = 2*q - 44. Suppose 3*l - 40 = q. Suppose 0 = -4*s + l + 23. What are the prime factors of s?
2, 5
Suppose 17 = 5*y + 2. Let u(n) = 2*n**3 - 2*n**2 - n + 1. What are the prime factors of u(y)?
2, 17
Let r(u) = u**2 - 7*u + 3. Let h be r(7). Suppose h*p + p = 108. What are the prime factors of p?
3
Suppose -2*g + 7 = k, -3*g + 0*g - 2 = -k. Suppose 5*q - k*h = 55, -4*h = 7*q - 2*q - 10. List the prime factors of q.
2, 3
Let p = 2 - 2. Suppose -n + 35 = 4*s - p*s, 5*n + 50 = 5*s. List the prime factors of s.
3
Let q(p) = p**2 - p - 17. List the prime factors of q(8).
3, 13
Let a(s) = s**2 + 5*s + 3. Let q be a(-5). Let c be ((-1)/q)/(2/66). Let n = c - -15. List the prime factors of n.
2
Let z = 24 + 2. Suppose t = 3*t - z. Let r = t + -7. List the prime factors of r.
2, 3
Let s(w) = -4*w - 15. Let z(u) = 9*u + 29. Let k(f) = 5*s(f) + 2*z(f). What are the prime factors of k(-14)?
11
Let g = -15 + 23. Let c = 13 - g. Suppose -4*r + 53 = c. What are the prime factors of r?
2, 3
Suppose 0 = 5*p + 42 - 142. What are the prime factors of p?
2, 5
Let x(v) be the second derivative of v**5/20 + v**4/2 - v**3/6 + 4*v**2 + 3*v. List the prime factors of x(-6).
2, 7
Suppose 2*a - 3*a - 4 = 0, 4*a - 112 = -4*d. What are the prime factors of d?
2
Let w(b) = -b**3 + 3*b**2 + 2*b - 2. Let o be w(3). Suppose -o*r + 1